-1001011100010000
What is 21c9 (base 16) in base 6?
104013
201d (base 14) to base 11
4164
24 (base 8) to base 9
22
What is -4b09 (base 13) in base 2?
-10100110100000
-58c8 (base 14) to base 6
-155332
20bb8 (base 12) to base 4
22202330
What is 2a0 (base 14) in base 16?
214
Convert -293 (base 16) to base 12.
-46b
Convert -23201222 (base 4) to base 14.
-132c2
What is 2068 (base 15) in base 6?
51412
What is 85702 (base 9) in base 15?
11c02
What is -470b (base 12) in base 3?
-101212202
Convert 42373 (base 11) to base 15.
13414
-1424 (base 11) to base 8
-3461
-4b1c (base 14) to base 11
-9982
Convert -122131 (base 6) to base 7.
-43435
Convert 14204 (base 6) to base 8.
4274
-612 (base 12) to base 2
-1101101110
-2264 (base 8) to base 7
-3340
10000000110 (base 2) to base 4
100012
What is 153 (base 12) in base 16?
cf
What is -641 (base 13) in base 14?
-563
What is 6472 (base 10) in base 8?
14510
Convert 167 (base 16) to base 13.
218
826 (base 15) to base 3
2112000
What is a061 (base 11) in base 8?
32101
Convert 12100 (base 3) to base 16.
90
-100011001 (base 2) to base 11
-236
Convert 54f1 (base 16) to base 5.
1143440
What is 91ed (base 15) in base 13?
11050
Convert 758 (base 12) to base 3.
1110212
1737b (base 14) to base 7
332014
What is 6b (base 16) in base 8?
153
What is 164 (base 8) in base 6?
312
3186 (base 13) to base 8
15326
What is 15758 (base 9) in base 14?
3d34
What is -417 (base 13) in base 2?
-1010111000
-35455 (base 6) to base 16
-141b
What is -55 (base 12) in base 5?
-230
What is -1000222110 (base 3) in base 14?
-760d
-7558 (base 11) to base 3
-111200211
Convert 1012 (base 13) to base 10.
2212
Convert -232bb (base 12) to base 9.
-71528
-16766 (base 9) to base 5
-332222
What is -23442 (base 7) in base 8?
-13651
132330 (base 4) to base 12
1190
Convert 8556 (base 10) to base 5.
233211
What is -47d3 (base 14) in base 7?
-51353
-1242310 (base 5) to base 10
-24705
5a (base 15) to base 8
125
1468 (base 10) to base 3
2000101
What is 103000 (base 4) in base 14?
62c
What is 43545 (base 8) in base 15?
5637
What is 3431 (base 7) in base 4?
103133
What is -d0e5 (base 15) in base 12?
-21622
-4353 (base 7) to base 6
-11113
-3088 (base 11) to base 13
-1b27
What is -403 (base 11) in base 16?
-1e7
Convert -2dd (base 14) to base 9.
-722
-5ed9 (base 15) to base 9
-30666
Convert 13a3 (base 16) to base 3.
20220012
-33 (base 4) to base 13
-12
-11221 (base 3) to base 6
-341
-21101201 (base 3) to base 10
-5392
Convert -b80b (base 15) to base 3.
-1222102002
What is -163 (base 12) in base 5?
-1334
Convert -ba7 (base 14) to base 11.
-1804
What is -4a0 (base 14) in base 15?
-419
-51473 (base 8) to base 14
-7a9d
3413 (base 13) to base 11
5521
4573 (base 10) to base 8
10735
Convert -153543 (base 8) to base 7.
-316520
What is -865 (base 9) in base 2?
-1011000011
Convert -50641 (base 7) to base 4.
-3000220
-12364 (base 7) to base 13
-1654
2b1 (base 16) to base 10
689
Convert -17385 (base 11) to base 13.
-b160
Convert 23411 (base 5) to base 12.
1003
What is 333220 (base 4) in base 6?
30504
251525 (base 6) to base 2
101011110101101
-12032 (base 4) to base 9
-482
231020 (base 4) to base 2
101101001000
What is -513 (base 7) in base 6?
-1103
What is -4551 (base 6) in base 7?
-3064
What is -50042 (base 6) in base 13?
-2c66
Convert -477a (base 16) to base 2.
-100011101111010
-18064 (base 9) to base 2
-11000010100011
What is 2547 (base 9) in base 5?
30111
What is -429 (base 15) in base 14?
-4b1
Convert 34800 (base 10) to base 5.
2103200
2a0a (base 12) to base 4
1030222
5b8 (base 13) to base 3
1100220
Convert 3054 (base 6) to base 4.
22222
What is 26b (base 13) in base 14?
227
Convert 1000122121 (base 3) to base 15.
5e8d
21022 (base 6) to base 11
2136
What is -543 (base 6) in base 5?
-1312
4678 (base 13) to base 12
5891
What is -11111011111011 (base 2) in base 13?
-7453
Convert -10145 (base 7) to base 16.
-9b3
Convert -a13 (base 13) to base 5.
-23311
Convert -1000011111 (base 2) to base 12.
-393
473 (base 9) to base 6
1450
274 (base 10) to base 2
100010010
Convert -aab (base 12) to base 10.
-1571
Convert 572 (base 10) to base 11.
480
What is 21706 (base 9) in base 4?
3201120
Convert 108 (base 14) to base 12.
150
102010 (base 3) to base 9
363
What is -145000 (base 6) in base 4?
-3123120
What is -13904 (base 10) in base 5?
-421104
72 (base 13) to base 5
333
What is -8854 (base 9) in base 7?
-25015
3236 (base 10) to base 2
110010100100
-58d4 (base 15) to base 4
-10212322
Convert 32544 (base 8) to base 12.
7ab0
What is 18236 (base 13) in base 4?
23112320
-4285 (base 10) to base 14
-17c1
Convert -1100 (base 8) to base 4.
-21000
What is -1086 (base 15) in base 16?
-dad
Convert 298b (base 12) to base 7.
20111
What is -202221111 (base 3) in base 14?
-57c8
-7214 (base 10) to base 6
-53222
Convert -22753 (base 9) to base 8.
-35533
43442 (base 5) to base 13
1497
Convert 309 (base 12) to base 7.
1200
Convert -303203 (base 4) to base 15.
-e9e
Convert 37221 (base 10) to base 5.
2142341
1299 (base 16) to base 7
16611
Convert -90 (base 12) to base 15.
-73
Convert 650 (base 15) to base 4.
112101
56155 (base 7) to base 15
42d7
What is 102302 (base 4) in base 3?
1122112
Convert -42655 (base 7) to base 15.
-3234
Convert -32200 (base 5) to base 10.
-2175
Convert -43241 (base 6) to base 11.
-4500
Convert -1921 (base 11) to base 9.
-3314
Convert 7877 (base 9) to base 15.
1ad1
Convert -8db (base 14) to base 13.
-a56
Convert -369 (base 11) to base 6.
-2010
Convert -45555 (base 6) to base 7.
-24614
What is 120000 (base 3) in base 7?
1116
What is -357 (base 12) in base 4?
-13303
3ac5 (base 16) to base 2
11101011000101
Convert 9742 (base 10) to base 4.
2120032
341 (base 10) to base 11
290
What is -7953 (base 12) in base 7?
-54141
-1020012200 (base 3) to base 11
-1720a
Convert 6155 (base 12) to base 15.
3202
Convert 231 (base 10) to base 14.
127
150 (base 16) to base 8
520
-1195 (base 14) to base 13
-1523
Convert 373 (base 12) to base 11.
432
-31758 (base 9) to base 4
-11020220
Convert -9cf (base 16) to base 12.
-1553
Convert 12011203 (base 4) to base 7.
132454
What is 21202 (base 6) in base 14?
109c
-172 (base 16) to base 10
-370
-1106 (base 15) to base 16
-e16
What is -57410 (base 8) in base 3?
-1020101001
What is -1d1 (base 15) in base 11?
-353
What is -242330 (base 5) in base 15?
-2a60
23626 (base 8) to base 16
2796
Convert -29a (base 15) to base 10.
-595
6721 (base 8) to base 15
10ac
-1d2 (base 15) to base 8
-646
Convert 2010000201 (base 3) to base 2.
1010001001100100
What is 300423 (base 5) in base 13?
441b
What is 11031203 (base 4) in base 7?
116144
What is -1301323 (base 4) in base 14?
-292b
Convert -2182 (base 9) to base 7.
-4463
What is 59e2 (base 15) in base 16?
4aa8
Convert 1255 (base 7) to base 5.
3411
What is 12121012 (base 4) in base 2?
110011001000110
What is 10032 (base 6) in base 7?
3560
What is 1268 (base 14) in base 13?
1614
Convert 6642 (base 8) to base 9.
4707
Convert 5510 (base 11) to base 15.
224b
What is 893 (base 15) in base 14?
9c6
-100011 (base 2) to base 12
-2b
-403 (base 10) to base 9
-487
Convert 319 (base 11) to base 4.
11333
What is -1ca0 (base 16) in base 12?
-42a8
What is 2664 (base 7) in base 16?
402
Convert 23513 (base 9) to base 14.
5a34
1c572 (base 13) to base 2
1101101000110111
1415 (base 14) to base 3
11212101
111010001 (base 2) to base 6
2053
Convert 736 (base 16) to base 11.
1429
What is 441 (base 10) in base 9?
540
What is -15aa2 (base 13) in base 2?
-1010000110011000
What is 1010100111 (base 2) in base 14?
367
Convert -12155 (base 7) to base 8.
-6150
-310143 (base 6) to base 12
-12353
Convert -27c5 (base 15) to base 6.
-103222
Convert 77 (base 14) to base 6.
253
What is -120110111 (base 3) in base 6?
-124104
Convert 10010100101100001 (base 2) to base 16.
12961
Convert -20201 (base 3) to base 8.
-265
Convert 111 (base 14) to base 16.
d3
Convert 63040 (base 7) to base 16.
3c67
Convert -153143 (base 6) to base 8.
-35167
-100200 (base 3) to base 8
-405
What is 31a (base 12) in base 13?
28c
What is -4e3 (base 16) in base 7?
-3435
Convert 470 (base 12) to base 10.
660
Convert 10e (base 16) to base 5.
2040
Convert -821 (base 13) to base 16.
-563
What is 9a4 (base 14) in base 8?
3564
Convert -12422 (base 16) to base 14.
-1d37c
Convert -10021121010 (base 3) to base 2.
-1